ommon divisor of 37 and 489917?
37
What is the highest common divisor of 38503 and 695?
139
What is the greatest common factor of 18421 and 2289?
109
Calculate the greatest common divisor of 45 and 156753.
9
Calculate the greatest common divisor of 138984 and 72.
24
What is the highest common factor of 46 and 61663?
23
Calculate the greatest common factor of 223 and 386459.
223
Calculate the highest common factor of 9999 and 158873.
1111
What is the greatest common factor of 108 and 15408?
36
Calculate the highest common factor of 124 and 42439.
31
What is the highest common divisor of 2752 and 101652?
172
What is the greatest common divisor of 47034 and 2223?
117
What is the highest common divisor of 3499734 and 168?
42
Calculate the highest common factor of 53342 and 11026.
298
What is the highest common divisor of 12465 and 865?
5
Calculate the greatest common divisor of 12180 and 48.
12
Calculate the highest common factor of 3732 and 4716.
12
What is the highest common factor of 4720 and 32?
16
Calculate the highest common divisor of 243 and 10926.
9
What is the greatest common divisor of 3949 and 769337?
359
Calculate the highest common factor of 112 and 3892.
28
Calculate the highest common factor of 1254306 and 2396.
1198
What is the highest common factor of 140 and 1576?
4
What is the greatest common divisor of 2592 and 330?
6
Calculate the highest common factor of 10091337 and 279.
93
Calculate the highest common divisor of 828 and 21988.
92
What is the highest common divisor of 298 and 9238?
298
Calculate the highest common divisor of 228932 and 132.
44
Calculate the greatest common divisor of 249 and 33882.
3
What is the highest common factor of 6150 and 5289?
123
Calculate the greatest common divisor of 2513175 and 42.
21
What is the greatest common factor of 633511 and 3787?
541
Calculate the highest common divisor of 508180 and 60.
20
What is the greatest common factor of 259 and 895511?
37
Calculate the greatest common factor of 5395 and 2795.
65
What is the greatest common divisor of 144816 and 8400?
336
Calculate the greatest common divisor of 21 and 4928.
7
What is the highest common factor of 11253432 and 24?
24
What is the greatest common divisor of 4512 and 22?
2
What is the highest common divisor of 482725 and 125?
25
Calculate the greatest common factor of 38021 and 591.
197
What is the highest common factor of 4110 and 1215?
15
What is the highest common factor of 66139 and 38?
19
What is the greatest common divisor of 76356 and 504?
252
Calculate the greatest common factor of 400 and 556.
4
What is the highest common divisor of 1 and 384113?
1
What is the highest common factor of 1325 and 1060?
265
What is the highest common factor of 932381 and 82?
41
What is the highest common factor of 437 and 60743?
437
Calculate the greatest common factor of 122 and 209047.
61
What is the greatest common divisor of 12173 and 84952?
259
Calculate the highest common factor of 371982 and 6.
6
What is the highest common divisor of 28471 and 213?
71
What is the greatest common factor of 25665 and 1620317?
1711
Calculate the greatest common divisor of 282068 and 2416.
604
What is the greatest common factor of 5650 and 164754?
226
What is the highest common factor of 39 and 32967?
3
What is the greatest common divisor of 7938 and 2352?
294
Calculate the highest common divisor of 6312 and 24.
24
Calculate the highest common factor of 40930 and 10.
10
What is the greatest common factor of 19 and 2731?
1
What is the greatest common divisor of 18849 and 1281?
183
What is the greatest common factor of 3485 and 265?
5
Calculate the greatest common divisor of 5822 and 410.
82
What is the highest common divisor of 468390 and 390?
390
What is the greatest common factor of 4698790 and 10?
10
What is the highest common divisor of 70 and 349420?
10
What is the greatest common factor of 2313 and 808779?
771
What is the highest common factor of 1874457 and 13?
13
What is the greatest common divisor of 11182 and 8?
2
Calculate the greatest common divisor of 74270 and 5.
5
Calculate the highest common divisor of 88 and 83864.
88
What is the highest common factor of 265 and 30263?
53
Calculate the highest common divisor of 1164 and 4426692.
1164
Calculate the greatest common factor of 2295 and 1252815.
255
Calculate the greatest common factor of 14730 and 480.
30
What is the highest common factor of 2838 and 1548?
258
Calculate the greatest common divisor of 3480870 and 870.
870
What is the greatest common divisor of 212891 and 119?
119
Calculate the highest common factor of 32663 and 445.
89
What is the highest common divisor of 1406 and 5567?
19
Calculate the greatest common factor of 431307 and 119.
17
What is the highest common factor of 88199 and 445?
89
Calculate the greatest common divisor of 164441 and 1156.
289
Calculate the greatest common factor of 5830395 and 15.
15
Calculate the highest common factor of 1 and 4759.
1
Calculate the highest common divisor of 8 and 1922456.
8
What is the greatest common divisor of 99 and 70191?
99
Calculate the highest common factor of 362341 and 111.
37
What is the highest common divisor of 2142 and 138222?
126
Calculate the greatest common divisor of 48303 and 324.
27
Calculate the highest common divisor of 2185 and 589.
19
Calculate the greatest common factor of 184787 and 4141.
41
What is the greatest common divisor of 4032 and 83160?
504
What is the highest common factor of 78490 and 10340?
470
Calculate the highest common factor of 54766 and 1390.
278
What is the highest common divisor of 36995 and 906?
151
Calculate the greatest common factor of 459 and 183209.
17
Calculate the highest common factor of 2280486 and 3042.
1014
What is the greatest common factor of 42847 and 413?
7
What is the greatest common factor of 430824 and 11832?
696
What is the greatest common divisor of 5065 and 25?
5
Calculate the highest common divisor of 23881 and 39.
13
Calculate the highest common divisor of 442 and 100334.
442
Calculate the greatest common factor of 63000 and 3850.
350
Calculate the greatest common factor of 418 and 4136.
22
Calculate the greatest common factor of 1403 and 23552.
23
What is the highest common factor of 5200 and 3040?
80
Calculate the highest common divisor of 1225518 and 84.
42
What is the greatest common divisor of 234 and 1728714?
78
What is the highest common factor of 140040 and 360?
360
Calculate the highest common factor of 154 and 1166.
22
What is the highest common divisor of 7784 and 952?
56
Calculate the greatest common divisor of 28 and 303898.
14
What is the highest common factor of 211375 and 623?
89
What is the highest common factor of 99 and 2158452?
9
Calculate the greatest common divisor of 2145 and 6539.
13
What is the greatest common divisor of 213090 and 30?
30
Calculate the greatest common divisor of 1702 and 79106.
74
Calculate the highest common factor of 667 and 3132.
29
Calculate the highest common divisor of 792 and 6776.
88
Calculate the greatest common factor of 422864 and 16.
16
What is the greatest common factor of 46 and 105568?
2
What is the highest common factor of 66443 and 5681?
247
What is the greatest common factor of 19113 and 1863?
69
What is the greatest common divisor of 6551578 and 11?
11
What is the highest common divisor of 430 and 166?
2
Calculate the highest common factor of 478470 and 123.
123
Calculate the highest common factor of 389258 and 6114.
2038
What is the highest common divisor of 10 and 13398260?
10
Calculate the highest common factor of 602 and 16770.
86
What is the highest common factor of 3311 and 1573?
11
What is the highest common divisor of 9396 and 1508?
116
What is the greatest common factor of 16808 and 792?
88
What is the highest common factor of 1200 and 71600?
400
What is the highest common divisor of 692796 and 156?
156
Calculate the highest common factor of 33942 and 15.
3
Calculate the greatest common factor of 432 and 2000.
16
What is the greatest common factor of 161 and 9569?
7
What is the highest common factor of 1509102 and 1044?
522
What is the greatest common divisor of 644 and 17052?
28
Calculate the highest common factor of 766 and 4636598.
766
Calculate the highest common divisor of 168 and 31353.
21
Calcu